g - 1. Let d(l) = -26*l**2 + 34*l + 2. Let k(c) = -4*d(c) - 7*q(c). Calculate k(s).
-19
Let i(m) = -20 - 8*m + 29*m - 12*m - m. Let s be i(3). Suppose j - s = -j. Let c(b) = -b**3 + 2*b**2 - 3*b + 2. Give c(j).
-4
Let w(r) be the second derivative of -r**4/6 - 7*r**3/3 + 3*r**2 + 2315*r. Determine w(-10).
-54
Let k be -1 - -4 - (-4)/2. Let o be k*(-1 - (-8)/4). Suppose 2*c = -o*h - 11, -5*h - 1 = 5*c + 4. Let u(j) = -2*j**2 - 5*j - 2. Give u(h).
-5
Let f(k) be the second derivative of -25*k**3/6 + 365*k**2 + 281*k. What is f(29)?
5
Let j(w) be the first derivative of -w**4/2 - 3*w**3 + 9*w**2 - w + 2736. Determine j(-6).
-1
Let w(u) = 6*u - 132. Let k(c) = 76*c**2 - 1520*c + 18. Let l be k(20). Determine w(l).
-24
Let n(m) = -m + 33. Suppose -221*l = -216*l - a - 134, l + 5*a - 32 = 0. Give n(l).
6
Let p(b) = b**2 + 6*b + 7. Let f(i) = 2*i - 52. Let j(w) = 1. Let h(k) = f(k) + 12*j(k). Suppose -782 = -89*q + 43*q. Let l be h(q). Give p(l).
7
Suppose g = -3*v + 6 + 4, 3*g + 6 = 3*v. Suppose -v*b + 32 = b. Suppose b*u - 4*u - 12 = 0. Let j(m) = m**2 - 3*m + 1. What is j(u)?
1
Let s be (-2 - -16 - (3 + 3))*2/(-4). Let v(h) = h**3 + 3*h**2 - 4*h - 4. What is v(s)?
-4
Let f(x) be the third derivative of -x**5/30 + x**4/4 + 3*x**3/2 + 5*x**2. Let g be f(4). Let c(k) = k + k**2 + 7*k**2 - 7*k**2. Give c(g).
2
Let r(k) = k**2 + 2*k + 7. Let p be r(-3). Let u(g) = 4381753*g**3 - 5 + 12*g - 4381754*g**3 + 3 + 9*g**2. Calculate u(p).
18
Suppose 3*t - 5*o = 25 + 18, 3*t + 2*o = 8. Let z(s) be the second derivative of -s**4/12 + 7*s**3/6 - s**2/2 + 7*s. Determine z(t).
5
Let q(f) = 2*f + 32. Let u(r) = -r**2 + 10*r + 309. Let i(b) = -10*q(b) + u(b). Give i(0).
-11
Let z(k) = -22*k - 97. Let h = -14862 - -14857. Give z(h).
13
Let o(n) = -10 - 3*n + 0 - 1. Let p be o(-8). Let q(s) = 3*s - 12*s + p*s. Determine q(2).
8
Suppose 0 = -2*f - 8*r + 3*r + 24, -2*r + 32 = 4*f. Let s be -1*(-4 - (-4 - -2)). Let o(u) = -4 - u**3 + 2*u + 6*u**s + 5*u + 1 + 1. Determine o(f).
-2
Let w(u) = 2*u**3 - 9*u**2 + u - 2. Let x(b) = -b**3 + 8*b**2 + 1. Let y(h) = h**3 + 8*h**2 - 46. Let l be y(-7). Let d(i) = l*x(i) + 2*w(i). Calculate d(-2).
11
Let h(q) = q**3 + 11*q**2 + 8*q - 14. Let u be 504/10 + (2 - (-21)/(-15)). Suppose 0 = -3*c + u - 12. Suppose 16*r = c*r - 30. Give h(r).
6
Let i = 392 - 396. Let m(k) = 2*k + 9. Let w(f) = 2*f + 9. Let u(o) = 5*m(o) - 6*w(o). Determine u(i).
-1
Let d(r) be the second derivative of -r**4/12 + 3*r**3/2 - 8*r**2 - 5*r - 30. Calculate d(7).
-2
Let b be (-44)/(-12) + (-1)/(-3). Let s(d) = b*d**3 - 2*d**2 - 5*d**3 - 7*d + 0*d**3 + 6*d. Suppose 3*a = 2*r + r - 12, -4*a + 2 = 2*r. Calculate s(a).
0
Let p(u) = 11*u + 39. Let q be p(-3). Let o(w) = 28*w + q - 2 + w**2 + 5*w**2 - 5*w**2 - 31*w. Calculate o(5).
14
Let r be (-3)/(-14) + 308033/(-9562). Let j(l) = l**3 + 31*l**2 - 32*l - 8. What is j(r)?
-8
Suppose 0 = 17*x - 13*x - 24. Let g(k) be the second derivative of -k**3/6 - 25*k. What is g(x)?
-6
Let c = -604 + 607. Let t(a) = -9*a + a**c + 6*a**2 - 10*a**2 + 6*a. Determine t(5).
10
Let w(x) = -x**2 + 3*x + 33 - 75 + 38 + 3*x. Suppose -105 = -14*z - 21. Give w(z).
-4
Let u(n) = 10*n + 57. Let s be u(-6). Let o(m) = -m**2 - 2. Let c(l) = l**3 + 6*l**2 + 2*l - 3. Let x(j) = c(j) + 2*o(j). What is x(s)?
-4
Let f(h) = h**2 - 28*h - 20. Let d be f(12). Let r = 213 + d. Let u(c) = -3*c. Give u(r).
-3
Let m be (-3)/((-3)/2*36/(-198)). Let p(g) = g**2 + g - 8. Calculate p(m).
102
Let k(c) = 5*c**3 - 18*c**2 + c + 12. Let s(n) = -n**3 + n**2 - 1. Let p(b) = -k(b) - 6*s(b). Suppose -8*t + 3*t - 2*t = 84. Give p(t).
6
Let k be ((-39)/195)/(-3 - (5 - 1437/180)). Let z(f) = 5 - f - 3*f + 3*f. Calculate z(k).
-7
Let w(g) = -7*g**2 + 3*g - 46. Let z(o) = -19*o**2 + 8*o - 111. Let i(t) = -8*w(t) + 3*z(t). Determine i(6).
-1
Let t(l) = l**2 + 5*l + 5. Let d = 50 + -56. Let s be t(d). Suppose 15 = s*h - 8*h. Let r(p) = -p**2 + 8*p - 7. Determine r(h).
8
Let t(q) = -q**2 + 5*q + 1. Let x(i) = -10*i - 15. Let f be x(-3). Suppose -6*y + 15 + f = 0. Give t(y).
1
Let h(f) = -20*f - 71. Let j be h(-4). Let m(o) be the first derivative of o**3/6 - 13*o**2/2 + o + 3. Let l(w) be the first derivative of m(w). Give l(j).
-4
Let b(d) be the first derivative of d**3/3 - 2*d**2 - d + 1. Let m = 1038 + 171. Suppose 15 = m*u - 1204*u. Calculate b(u).
-4
Let a(n) = -n**2 - 10. Let p be (-13)/(-26) + -5 + 77/14 - 4. Determine a(p).
-19
Let x(h) = -h - 21. Let w(t) = 4*t - 12. Let d be w(1). What is x(d)?
-13
Let h(n) = 3*n**2 + 30*n - 1. Let b(d) = -d**2 - 14*d - 1. Let w(i) = 2*i + 1. Let v(r) = b(r) + 2*w(r). Let u(k) = 3*h(k) + 8*v(k). Calculate u(-9).
-4
Let r(q) = 4*q + 7*q + 0*q**2 + 4 + q**2 - 2*q. Suppose -15*f = -46*f + 15*f - 128. Determine r(f).
-4
Let h = 4151 + -4145. Let a(c) be the third derivative of 0*c - 1/24*c**4 + h*c**2 - 1/6*c**3 + 0. Give a(4).
-5
Suppose -123 = 34*z + 115. Let i(k) = k**3 + 6*k**2 - 4*k + 14. Give i(z).
-7
Let p(v) be the third derivative of v**4/8 + v**3/6 - 1575*v**2. Suppose 3*f + 0 = -4*y - 8, 2*f + 17 = -5*y. Determine p(y).
-14
Suppose 0*t = -4*t. Let a(n) = -182*n**2 + 4 + 181*n**2 - 21. Give a(t).
-17
Let d be 5/10*32/(-2). Suppose 10*n - 9 = 7*n. Let q(f) = 2*f**2 - 4 + f**n + 15 + 6*f**2 + 3*f. Calculate q(d).
-13
Let w(i) be the second derivative of -i**5/20 - i**4/4 + i**3/3 + 2*i. Let q(m) = 10*m**2 + 3*m + 5. Let f be q(-4). Let p = f - 151. Determine w(p).
-16
Let t(w) = -5*w**2 - 7*w**2 + 6*w**2 + 8 + 7*w**2 + 4*w + w. Calculate t(-4).
4
Suppose 3*r - 3 = h, -596*h + 598*h - r - 4 = 0. Let i(n) be the first derivative of -n**h + 1/4*n**4 + 4*n + 7 - 2*n**2. What is i(4)?
4
Let u be ((-100)/45)/(-1) - (-9 + 1411/153). Let m(g) be the first derivative of -2*g**2 + u*g - 1/3*g**3 + 25. Calculate m(-4).
2
Let b(w) be the first derivative of -w**6/120 - w**5/20 - w**4/8 - w**3/3 - 145*w**2/2 + 128. Let p(g) be the second derivative of b(g). Calculate p(-2).
0
Let p(d) be the second derivative of -5*d**4/12 + d**3/6 - d**2 + 238*d. Determine p(1).
-6
Let p(g) = 6*g**3 - 9*g**3 + 11*g**2 + 4*g**3 - 3*g**2 - 5 - g. Let a = 3683 - 3691. Determine p(a).
3
Let u(p) = -p**3 - 2*p**2 - 2. Let w be -2*(0/2 + 13/(-13)). Give u(w).
-18
Let z(t) = -2*t + 9. Suppose -3*g - 105 + 108 = 0. Suppose 5*l = -5*x + 25, 0 = -5*x + g - 26. Calculate z(l).
-11
Let i be (534 - 1) + (-7)/(42/24). Let n = i + -528. Let h(t) = -14*t + 2. What is h(n)?
-12
Let y(d) be the first derivative of -192 - 17*d - 3/2*d**2. Calculate y(-8).
7
Let o(p) = -p + 6. Let q(s) = 22*s - 131. Let y(h) = h - 3. Let z(a) = q(a) + 4*y(a). Let t(l) = -143*o(l) - 6*z(l). Calculate t(1).
-13
Let q(x) be the first derivative of 5*x**3/3 - x**2/2 - x - 8. Let f(w) = -75*w**3 + 76*w**3 - w**2 - 1 + w**2 - 4*w. Let c be f(2). Give q(c).
5
Let v(j) = -2*j + 4. Let s be v(4). Let t(h) be the third derivative of h**6/120 + h**5/12 + h**4/4 + h**3/6 - 4526*h**2. What is t(s)?
-7
Let b(q) = -q**3 + 10*q**2 + q + 18. Let m = -4805 - -4815. Give b(m).
28
Let h(x) be the third derivative of -x**6/120 - x**5/4 + 5*x**4/8 + 4*x**3/3 + x**2 + 316. Give h(-16).
24
Suppose -7*y = -3*y + 64. Let p = -31 - y. Let s be 125/p - (-4)/3. Let l(h) = h**2 + 4*h + 5. Determine l(s).
26
Let b be -8 + 4 - 4*((4 - 6) + 3). Let m(x) = 5*x + 12. Let f(i) = -11*i - 25. Let j(s) = 4*f(s) + 9*m(s). What is j(b)?
0
Let q(w) = 4*w - 14. Suppose 16*m - 17*m = 3*h - 35, 0 = -5*h + 3*m + 63. Determine q(h).
34
Suppose 27 = 6*k + 3. Let l(x) = 3*x**3 + x**2 - 5*x + 29. Let z(b) = 8*b**3 + 4*b**2 - 15*b + 80. Let w(r) = -11*l(r) + 4*z(r). Calculate w(k).
-3
Let q(n) = n**3 - 3*n**2 + n + 1. Let u be (4 - 5) + 0 + 3. Suppose 6 = u*c - 0*c. Calculate q(c).
4
Let s(y) be the first derivative of -6/5*y**5 - 1/12*y**4 - 12*y - 1/3*y**3 + 19 - 1/2*y**2. Let d(w) be the first derivative of s(w). Determine d(-1).
24
Let q(l) = -l**2 - 42*l + 576. Let v be 34874/3710 - (-16)/10. What is q(v)?
-7
Let k be 3/(27/12) - 180/(-27). Let b(c) = 10*c**2 + 9 - k - 3*c**3 + 3*c - 4 - 6 + 2*c**3. What is b(10)?
21
Let p(l) be the first derivative of -5/12*l**4 + 5 + 0*l**2 + 0*l + 1/40*l**5 - 3*l**3. Let k(z) be the third derivative of p(z). Calculate k(7).
11
Let f(v) be the first derivative of v**6/180 + v**5/12 + 7*v**4/24 + 7